{"id":601,"date":"2019-05-15T09:56:56","date_gmt":"2019-05-15T07:56:56","guid":{"rendered":"http:\/\/allprint.pl\/?page_id=601"},"modified":"2019-05-21T08:54:30","modified_gmt":"2019-05-21T06:54:30","slug":"dtg-prints","status":"publish","type":"page","link":"https:\/\/allprint.pl\/index.php\/dtg-prints\/","title":{"rendered":"DTG Prints"},"content":{"rendered":"<p class=\"responsive-video-wrap clr\"><iframe loading=\"lazy\" title=\"Nadruki na koszulkach DTG\" width=\"1200\" height=\"675\" src=\"https:\/\/www.youtube.com\/embed\/vb91R9ycE8w?feature=oembed\" frameborder=\"0\" allow=\"accelerometer; autoplay; clipboard-write; encrypted-media; gyroscope; picture-in-picture; web-share\" referrerpolicy=\"strict-origin-when-cross-origin\" allowfullscreen><\/iframe><\/p>\n<h2>DTG Direct To Garment Printers<\/h2>\n<p>Nadruk bezpo\u015bredni to jedna z najnowszych technologii druku na odzie\u017cy. <br \/>Jest bezkonkurencyjna co do jako\u015bci odwzorowania grafiki, przej\u015b\u0107 tonalnych oraz koszt\u00f3w realizacji przy kr\u00f3tkich seriach. Druk mo\u017cna wykona\u0107 ju\u017c od jednej sztuki.<\/p>\n<p>Na filmie pokazujemy druk DTG w oparciu o maszyn\u0119 AZON z zastosowaniem g\u0142owicy DX5. Mo\u017cliwo\u015bci jakie daje technologia DTG s\u0105 niespotykane wcze\u015bniej i niemo\u017cliwe do zrealizowania przy tak niskich kosztach, niewielkim nak\u0142adzie pracy oraz kr\u00f3tkim terminie realizacji.<\/p>\n<p>\u00a0<\/p>\n<h2>Bia\u0142a dzianina<\/h2>\n<p>W uproszczeniu drukowanie DTG to nic innego jak druk na nieco wi\u0119kszej drukarce z t\u0105 jedynie r\u00f3\u017cnic\u0105, \u017ce zamiast kartki papieru druk powstaje na np. koszulce. <br \/>Przygotowanie pliku do druku nie wymaga zatem kosmicznej wiedzy i tajemnych mocy.<br \/>Poradzimy sobie z ka\u017cdym plikiem kt\u00f3ry wygenerujesz. Jednak\u017ce, by to co nam dostarczysz by\u0142o \u201ezjadliwe\u201d i jako\u015b wygl\u0105da\u0142o&#8230; ;), wstaw mu (plikowi) 200 &#8211; 300 dpi dla skali 1:1. Tylko nie oszukuj i nie baw si\u0119 w interpolacj\u0119. Dla wektor\u00f3w pami\u0119taj, by fonty zamieni\u0107 na krzywe. Gdy b\u0119dziesz si\u0119 posi\u0142kowa\u0142 grafik\u0105 z netu, ustaw wyszukiwanie: Grafika\/Narz\u0119dzia\/Du\u017ce. Unikaj przygotowania pliku w Word 'zie.<\/p>\n<p><\/p>\n<h2>Kolorowa dzianina<\/h2>\n<p>B\u0119dzie potrzebna odrobina wyobra\u017ani. Je\u015bli grafika jest bez pustych przestrzeni, to nie ma problemu. W przypadku wolnych przestrzeni pomi\u0119dzy pikselami, w wyniku ko\u0144cowym otrzymasz kolor dzianiny. Mo\u017ce mie\u0107 to decyduj\u0105cy wp\u0142yw na efekt ko\u0144cowy.<\/p>\n<h2>Jak przygotowa\u0107 pliki<\/h2>\n<h1>Dla zainteresowanych<\/h1>\n<p>\t\t\t\t\t\t\t\t\t\t<img loading=\"lazy\" decoding=\"async\" width=\"942\" height=\"1024\" src=\"http:\/\/allprint.pl\/wp-content\/uploads\/2019\/05\/torba-z-piwem-942x1024.jpg\" alt=\"\" srcset=\"http:\/\/allprint.pl\/wp-content\/uploads\/2019\/05\/torba-z-piwem-942x1024.jpg 942w, http:\/\/allprint.pl\/wp-content\/uploads\/2019\/05\/torba-z-piwem-276x300.jpg 276w, http:\/\/allprint.pl\/wp-content\/uploads\/2019\/05\/torba-z-piwem-768x835.jpg 768w, http:\/\/allprint.pl\/wp-content\/uploads\/2019\/05\/torba-z-piwem-500x544.jpg 500w, http:\/\/allprint.pl\/wp-content\/uploads\/2019\/05\/torba-z-piwem-300x326.jpg 300w, http:\/\/allprint.pl\/wp-content\/uploads\/2019\/05\/torba-z-piwem-600x652.jpg 600w\" sizes=\"auto, (max-width: 942px) 100vw, 942px\" \/>\t\t\t\t\t\t\t\t\t\t\t<\/p>\n<h2>Kufel dobrego piwa&#8230;<\/h2>\n<p>Druk na bia\u0142ej dzianinie to jak \u0142yk dobrego piwa. Enter i gotowe. Farba bezpo\u015brednio jest drukowana na dzianinie i pod odpowiednim ci\u015bnieniem oraz w odpowiedniej temperaturze jest wt\u0142aczana w w\u0142\u00f3kno dzianiny. Farba drukarska jest niewyczuwalna, elastyczna i wsp\u00f3\u0142pracuje z materia\u0142em.<\/p>\n<p>Efekt jak na za\u0142\u0105czonym obrazku.<br \/>Druk fotorealistyczny, wykonany na torbie bawe\u0142nianej 280 g.<br \/>Realizuj\u0105c pokazane obok zlecenie, do domu wr\u00f3ci\u0142em ze zgrzewk\u0105 piwa&#8230; \ud83d\ude09<\/p>\n<h2>Drink wymaga nieco wiedzy&#8230;<\/h2>\n<p>Tu ju\u017c potrzebny barman. W\u00f3dka z col\u0105 to za ma\u0142o&#8230; <br \/>Druk DTG na tkaninach kolorowych to z\u0142o\u017cony proces. Wymaga odpowiedniego przygotowania dzianiny. Tak jak w przypadku dzianin bia\u0142ych, farba wnika w w\u0142\u00f3kno materia\u0142u, tak w przypadku dzianin kolorowych nic by z tego nie wysz\u0142o&#8230; a przynajmniej to co uzyskaliby\u015bmy by\u0142oby rozczarowaniem. St\u0105d nale\u017cy przed drukiem po\u0142o\u017cy\u0107 na materiale grunt pod bia\u0142\u0105 farb\u0119. Na w\u0142a\u015bciwie przygotowanym gruncie k\u0142adziemy obraz danej grafiki bia\u0142\u0105 farb\u0105. Dopiero teraz przychodzi kolej na CMYK.<br \/>St\u0105d wynikaj\u0105 r\u00f3\u017cnice w cenie pomi\u0119dzy drukiem na bia\u0142ej i kolorowej koszulce.<br \/>Efekt druku jest wyczuwalny w dotyku. Farba jest elastyczna, i stanowi minimalny \u201efilm\u201d farby niezb\u0119dny do uzyskania w\u0142a\u015bciwego efektu.<\/p>\n<p>\t\t\t\t\t\t\t\t\t\t<img loading=\"lazy\" decoding=\"async\" width=\"1024\" height=\"698\" src=\"http:\/\/allprint.pl\/wp-content\/uploads\/2019\/05\/DTG-2-1024x698.jpg\" alt=\"\" srcset=\"http:\/\/allprint.pl\/wp-content\/uploads\/2019\/05\/DTG-2-1024x698.jpg 1024w, http:\/\/allprint.pl\/wp-content\/uploads\/2019\/05\/DTG-2-300x205.jpg 300w, http:\/\/allprint.pl\/wp-content\/uploads\/2019\/05\/DTG-2-768x524.jpg 768w, http:\/\/allprint.pl\/wp-content\/uploads\/2019\/05\/DTG-2-500x341.jpg 500w, http:\/\/allprint.pl\/wp-content\/uploads\/2019\/05\/DTG-2-600x409.jpg 600w\" sizes=\"auto, (max-width: 1024px) 100vw, 1024px\" \/><\/p>\n","protected":false},"excerpt":{"rendered":"<p>DTG Direct To Garment Printers Nadruk bezpo\u015bredni to jedna z najnowszych technologii druku na odzie\u017cy. Jest bezkonkurencyjna co do jako\u015bci odwzorowania grafiki, przej\u015b\u0107 tonalnych oraz koszt\u00f3w realizacji przy kr\u00f3tkich seriach. Druk mo\u017cna wykona\u0107 ju\u017c od jednej sztuki. Na filmie pokazujemy druk DTG w oparciu o maszyn\u0119 AZON z zastosowaniem g\u0142owicy DX5. Mo\u017cliwo\u015bci jakie daje technologia [&hellip;]<\/p>\n","protected":false},"author":1,"featured_media":0,"parent":0,"menu_order":0,"comment_status":"closed","ping_status":"closed","template":"","meta":{"footnotes":""},"class_list":["post-601","page","type-page","status-publish","hentry","entry"],"_links":{"self":[{"href":"https:\/\/allprint.pl\/index.php\/wp-json\/wp\/v2\/pages\/601","targetHints":{"allow":["GET"]}}],"collection":[{"href":"https:\/\/allprint.pl\/index.php\/wp-json\/wp\/v2\/pages"}],"about":[{"href":"https:\/\/allprint.pl\/index.php\/wp-json\/wp\/v2\/types\/page"}],"author":[{"embeddable":true,"href":"https:\/\/allprint.pl\/index.php\/wp-json\/wp\/v2\/users\/1"}],"replies":[{"embeddable":true,"href":"https:\/\/allprint.pl\/index.php\/wp-json\/wp\/v2\/comments?post=601"}],"version-history":[{"count":11,"href":"https:\/\/allprint.pl\/index.php\/wp-json\/wp\/v2\/pages\/601\/revisions"}],"predecessor-version":[{"id":696,"href":"https:\/\/allprint.pl\/index.php\/wp-json\/wp\/v2\/pages\/601\/revisions\/696"}],"wp:attachment":[{"href":"https:\/\/allprint.pl\/index.php\/wp-json\/wp\/v2\/media?parent=601"}],"curies":[{"name":"wp","href":"https:\/\/api.w.org\/{rel}","templated":true}]}}