{"id":6253,"date":"2021-02-15T15:46:37","date_gmt":"2021-02-15T14:46:37","guid":{"rendered":"https:\/\/allprint.pl\/?page_id=6253"},"modified":"2021-02-15T16:43:04","modified_gmt":"2021-02-15T15:43:04","slug":"katalog-produktow","status":"publish","type":"page","link":"https:\/\/allprint.pl\/index.php\/katalog-produktow\/","title":{"rendered":"Katalog produkt\u00f3w"},"content":{"rendered":"<a href=\"\" target=\"_blank\" rel=\"nofollow noopener\">\n\t\t\t\t\t\t\t<img decoding=\"async\" width=\"600\" height=\"716\" src=\"https:\/\/allprint.pl\/wp-content\/uploads\/2019\/04\/bulletin-1.jpg\" alt=\"koszulki\" loading=\"lazy\" srcset=\"https:\/\/allprint.pl\/wp-content\/uploads\/2019\/04\/bulletin-1.jpg 600w, https:\/\/allprint.pl\/wp-content\/uploads\/2019\/04\/bulletin-1-251x300.jpg 251w, https:\/\/allprint.pl\/wp-content\/uploads\/2019\/04\/bulletin-1-500x597.jpg 500w, https:\/\/allprint.pl\/wp-content\/uploads\/2019\/04\/bulletin-1-300x358.jpg 300w\" sizes=\"auto, (max-width: 600px) 100vw, 600px\" \/>\t\t\t\t\t\t\t\t<\/a>\n\t\t<p>Odzie\u017c do nadruku, zgromadzona w zamieszczonym katalogu, jest produktem sprawdzonym i rekomendowanym przez nas jako bardzo dobrej jako\u015bci wyr\u00f3b. Produkty Adler &#8211; obecnie MALFINI wykorzystujemy od wielu lat i mo\u017cemy z czystym sumieniem je poleca\u0107.<br \/>Szeroka gama produkt\u00f3w Malfini jest dodatkowym atutem. Znajdziesz tu kolekcje dla pa\u0144, dla pan\u00f3w, dla dzieci oraz tzw. UNISEX.<br \/>Katalog w swej kolekcji zawiera r\u00f3wnie\u017c doskona\u0142ej jako\u015bci ubrania robocze pocz\u0105wszy od nakry\u0107 g\u0142owy po przez bluzy, kamizelki, spodnie, ko\u0144cz\u0105c na obuwiu.<\/p>\n<p><\/p>","protected":false},"excerpt":{"rendered":"<p>Odzie\u017c do nadruku, zgromadzona w zamieszczonym katalogu, jest produktem sprawdzonym i rekomendowanym przez nas jako bardzo dobrej jako\u015bci wyr\u00f3b. Produkty Adler &#8211; obecnie MALFINI wykorzystujemy od wielu lat i mo\u017cemy z czystym sumieniem je poleca\u0107.Szeroka gama produkt\u00f3w Malfini jest dodatkowym atutem. Znajdziesz tu kolekcje dla pa\u0144, dla pan\u00f3w, dla dzieci oraz tzw. UNISEX.Katalog w swej [&hellip;]<\/p>\n","protected":false},"author":1,"featured_media":405,"parent":0,"menu_order":0,"comment_status":"closed","ping_status":"closed","template":"","meta":{"footnotes":""},"class_list":["post-6253","page","type-page","status-publish","has-post-thumbnail","hentry","entry","has-media"],"_links":{"self":[{"href":"https:\/\/allprint.pl\/index.php\/wp-json\/wp\/v2\/pages\/6253","targetHints":{"allow":["GET"]}}],"collection":[{"href":"https:\/\/allprint.pl\/index.php\/wp-json\/wp\/v2\/pages"}],"about":[{"href":"https:\/\/allprint.pl\/index.php\/wp-json\/wp\/v2\/types\/page"}],"author":[{"embeddable":true,"href":"https:\/\/allprint.pl\/index.php\/wp-json\/wp\/v2\/users\/1"}],"replies":[{"embeddable":true,"href":"https:\/\/allprint.pl\/index.php\/wp-json\/wp\/v2\/comments?post=6253"}],"version-history":[{"count":29,"href":"https:\/\/allprint.pl\/index.php\/wp-json\/wp\/v2\/pages\/6253\/revisions"}],"predecessor-version":[{"id":6313,"href":"https:\/\/allprint.pl\/index.php\/wp-json\/wp\/v2\/pages\/6253\/revisions\/6313"}],"wp:featuredmedia":[{"embeddable":true,"href":"https:\/\/allprint.pl\/index.php\/wp-json\/wp\/v2\/media\/405"}],"wp:attachment":[{"href":"https:\/\/allprint.pl\/index.php\/wp-json\/wp\/v2\/media?parent=6253"}],"curies":[{"name":"wp","href":"https:\/\/api.w.org\/{rel}","templated":true}]}}